y 132?
114
Suppose 0 = 5*r - 2 - 18. Suppose 3*s + 15 = c, -c - 34 = r*s - 14. Suppose c*u = u - 5*j - 33, 4*j = 5*u - 81. Calculate the remainder when 35 is divided by u.
9
Suppose 0 = -m - 5*a + 255, 2*m - 25*a - 492 = -26*a. Calculate the remainder when m is divided by 37.
23
Suppose 5*s - 4*a - 304 = 0, 4*s + 4*a - 526 = -290. What is the remainder when 268 is divided by s?
28
Suppose -4*c + 3243 - 2853 = c. Let x(t) = -11*t + 1. What is the remainder when c is divided by x(-1)?
6
Let o = -2279 + 2321. What is the remainder when 486 is divided by o?
24
Let s(j) = -18*j - 22. Let a be s(3). Let y = -35 - a. What is the remainder when y is divided by 23?
18
Let c(l) = -12*l + 74. Let x be c(6). Suppose -3*p = 4*o - 2*p + 1220, -x*p = -8. What is the remainder when 271 is divided by (2/2)/((-9)/o)?
33
Suppose 3*n = -3*g - 60, 3*n - 44 = 6*n - 5*g. What is the remainder when ((-3)/n)/((-4)/12)*-426 is divided by 46?
29
Let y be 76*(-2 + 25/10). Suppose m = -5*k + y, -11*k = -3*m - 13*k + 114. What is the remainder when m is divided by 23?
15
Let d = 1704 + -1680. Let m(i) = 2*i**3 - 4*i**2 - i**3 - 5 + 4*i**3 - 3*i**3 + 3*i. What is the remainder when m(4) is divided by d?
23
Let x(t) = -14*t + t + 4 + 5*t. Let h(j) = -9*j + 3. Let o(i) = -5*h(i) + 4*x(i). Calculate the remainder when 52 is divided by o(1).
10
Let c = -598 + 611. What is the remainder when 156 is divided by c?
0
Suppose -5*u - 44 = -4*m, -2*u - 3*m - 7 = 6. Let d be (-27)/(-6)*(1 + -13)*-2. Calculate the remainder when (d/u)/(3/(-4)) is divided by 5.
3
Suppose -l = -5*l + 228. Let b = l - 45. Suppose -3*h - 69 = -171. Calculate the remainder when h is divided by b.
10
Suppose 3*t = -1858 + 1981. Suppose -2*f + 3*n - 3 = 0, -5*f = -f + 2*n - 18. Let g(r) = 41*r - 1. What is the remainder when g(f) is divided by t?
40
Suppose -60 = -4*i + 2*a, 5*a + 5 + 10 = i. Let p(b) = -23*b - 2. Suppose g - 2*g + 4*q - 22 = 0, -q + 3 = g. Calculate the remainder when p(g) is divided by i.
14
Let z = -131 + 139. What is the remainder when (37/2)/(4 - 28/z) is divided by 24?
13
Suppose 78 = -17*m - 7. What is the remainder when 2235/11 + 530/110 + m is divided by 17?
16
Let m = 110 - 108. Suppose -j - 50 = -m*j + 3*t, -3*j + t = -182. Suppose 0*x - 12 = c + 5*x, -72 = -4*c + 4*x. Calculate the remainder when j is divided by c.
10
Suppose -7*a + 342 + 36 = 0. Suppose -58*r = -a*r - 104. What is the remainder when r is divided by 2?
0
Let g = -76 - -108. Suppose -l - 4 = 0, -l - 84 = 4*r - 2*l. Let w = r + g. What is the remainder when 99 is divided by w?
9
Suppose 2045 = 32*o - 1507. Calculate the remainder when o is divided by 2.
1
Let g be -5 - ((-3)/6 + 904/(-16)). Suppose 55*t - 53*t = g. What is the remainder when 70 is divided by t?
18
Calculate the remainder when 26 is divided by (-682)/(-33) + -2 + 10/3.
4
Suppose -4*f = 5*p - 235, 5*f + 141 = 3*p + 3*f. Calculate the remainder when p is divided by 6.
5
Let k = 4736 - 4673. Calculate the remainder when 2960 is divided by k.
62
Let i(a) = -a**2 + 7*a + 7. Let p be i(6). Let y = 36 + p. What is the remainder when y is divided by (6*(-91)/28)/(723/(-482))?
10
Suppose 60 + 20 = 20*d. What is the remainder when -34*(d + 22/(-4)) is divided by 13?
12
Let m = 636 + 342. Calculate the remainder when m is divided by 44.
10
Let q(n) = 9*n - 44. Let x be q(8). Suppose -h - 1458 = -x*h. Calculate the remainder when 157 is divided by h.
49
Let k = -30 + 51. Let v = -238 - -245. Let i(f) = -f**3 + 8*f**2 - 4*f - 9. Calculate the remainder when k is divided by i(v).
9
Let i = -2613 + 2778. Calculate the remainder when i is divided by 108/(-45)*(-1 + (-6)/4).
3
Let g(j) = -394*j - 2590. What is the remainder when g(-9) is divided by 161?
151
Let t be (1/((-9)/(-6)))/((-6)/(-90)). Calculate the remainder when (4 + t/(-3))*(-4 + 22) is divided by 6.
0
What is the remainder when 7/(-14)*22 - -232 is divided by (28/(-1 - 0))/(-1)?
25
Suppose 0 = -43*o - 2479 + 3511. Suppose -5*n + 10 = 3*v - n, 5 = 2*v + n. Suppose -v*h - h + 15 = 0. What is the remainder when o is divided by h?
4
Suppose 4*a - 375 = 81. Calculate the remainder when a is divided by 3/11 - 233750/(-10285).
22
Suppose 10*b - 28 = -8. Suppose -25 = -b*h - 5*v, 7*v - 3*v = -2*h + 22. What is the remainder when 12 is divided by h?
2
Let r = -11794 - -11815. What is the remainder when 902 is divided by r?
20
Suppose 5*m = 24*l - 21*l - 2580, 5*l - 4287 = 4*m. What is the remainder when l is divided by 422?
11
Suppose 3*r = -96*c + 92*c + 325, -332 = -3*r - 5*c. Calculate the remainder when 2861 is divided by r.
89
Let h = -946 - -958. What is the remainder when 34 is divided by h?
10
Suppose 0 = 4*d + 2*s + 160, 2*d - s = -21 - 55. Let w = 35 + d. What is the remainder when 73 is divided by -1 - 3/(-2) - 98/w?
23
Suppose -13*m + m = 15*m - 1053. Calculate the remainder when 6798 is divided by m.
12
Let w = -11822 + 12024. Suppose 3*g = h - 63, -3*h + 3*g = -18 - 147. What is the remainder when w is divided by h?
49
Let h(a) = -2*a**2 + 331*a - 6237. Let l(d) = 2*d**2 - d - 2. Let c be l(-4). Let z = c + -14. What is the remainder when h(22) is divided by z?
17
Suppose -5*q + 238 = -257. Suppose 46*p = -2*p + 171 + 645. What is the remainder when q is divided by p?
14
Suppose -4*s + 38 = w, -27*s + 5*w = -28*s. Suppose -441 = -6*p - 57. Let c = 110 - p. What is the remainder when c is divided by s?
6
Suppose 0 = -3*i + 5*a + 2927, 5*i + a + 1942 = 7*i. Let p = i - 577. Suppose -15*v = -v - p. Calculate the remainder when 52 is divided by v.
24
Suppose 44*h = 41*h - 146*h + 28161. Let d = 61 + -29. Calculate the remainder when h is divided by d.
29
Calculate the remainder when 1767 is divided by (-15 - -23)/((-15)/17 + 1).
67
Suppose -145*x - 2860 + 21275 = 0. Let t be (0 + 2)*(-37)/(-2). Suppose -p - 64 = -2*s, -s - 2*p = -0*p - t. What is the remainder when x is divided by s?
28
Let s = 3 - 0. Let b be s/9 - (-1)/(-3). Calculate the remainder when 53 is divided by (4 - b)*161/46.
11
Let r be (-30)/165 + 134/11. Calculate the remainder when 67 is divided by ((-65)/(-130))/(1/r).
1
Suppose -5*b + 16 = -b. Let u = 0 + b. Calculate the remainder when -24 + 18 - 33/(6/(-2)) is divided by u.
1
Suppose 134*n = 4*n + 2730. Suppose 3*d = -d + 152. What is the remainder when d is divided by n?
17
Calculate the remainder when 1976 is divided by (36/(-14))/((150/1155)/(-5)).
95
Let h = 414617 + -414610. What is the remainder when -1 + 1/(2/110) is divided by h?
5
Suppose -39*d - 39*d = -87*d + 4239. What is the remainder when d is divided by 60?
51
Suppose 2*x - 9 = 3*o - 0*o, 4*o - 3*x = -12. Let b(n) = -17*n + 3. Calculate the remainder when b(o) is divided by (-7500)/(-540) - (-2 - (-51)/27).
12
Let h(i) = -3*i**3 - i**2 - i - 1. Let c be h(-1). Suppose 9 = -3*j, -5*p + 2*j = 4*j - 159. Calculate the remainder when ((-1)/c)/(2/(-520)) is divided by p.
31
Suppose -2*s = -4*l + 2*l + 5224, 3*s + 13054 = 5*l. Calculate the remainder when l is divided by 10.
9
Suppose 4*u - 73 = a, -236*a = u - 238*a - 27. Calculate the remainder when 4587 is divided by u.
14
Suppose -7*m - 2*m = -5562. Suppose -5*y + 122 = -4*y + h, 5*y - m = 3*h. Calculate the remainder when y is divided by 4*((-29)/(-4) - 1).
23
Suppose 371*i - 489*i = -11682. What is the remainder when i is divided by 22?
11
Let z(t) = 33*t + 502. Calculate the remainder when 285 is divided by z(-14).
5
Suppose 5*t - 355 = 5*z, 3*t - 214 = -4*z + 8*z. Let y = t + -66. Suppose 2*k + p - 16 = 6*p, 0 = -5*k - y*p + 7. What is the remainder when 19 is divided by k?
1
Calculate the remainder when 441 is divided by 6/((-4)/(5 - -7))*(-198)/27.
45
Let a = 161 + -59. Suppose -11*l + 13*l - a = 0. Calculate the remainder when 31 is divided by (l/6)/(0 + 4/8).
14
Let u(s) = -s + 3. Let m(k) = -k**3 + 25*k**2 - 134*k - 50. Calculate the remainder when m(15) is divided by u(-9).
10
Suppose 2*t = 7 + 21. Let n = 30 + 74. Let x = n + 34. Calculate the remainder when x is divided by t.
12
Let g(l) = -l**3 - 2*l**2 - 2*l - 14. Let v be g(-3). Let t = -56 + 66. What is the remainder when (171/(-27))/((-4)/3 + v) is divided by t?
9
Let s = -159 - -218. What is the remainder when s is divided by 47?
12
Suppose -3923 = -2*z - 5*n, 7*n - 1954 = -z + 6*n. Suppose 19*o - 